 19) + -5 + 5.
-18
Evaluate 13 + -70 + -2 + 73.
14
-40 - (12 + (25 - 24) + 15)
-68
What is the value of -13 - (-38 - -128 - 95 - (-1 - -130))?
121
What is (-33 - (-11 - 14) - (-5 + 2)) + 34?
29
Evaluate (35 - -1) + (-5 - 2 - (-1 - 12)).
42
Calculate -41 + 0 + -1 + -10 + (103 - 113).
-62
What is (-88 - (31 - 21 - (5 - 1))) + (-88 - -85)?
-97
Evaluate 59 - (129 + -63 + -29).
22
What is the value of (2 + -1 + -4 - -21) + 20321 + -20465?
-126
What is the value of (-205 - (-377 - -178)) + -64 + (2 - 0)?
-68
-7 - (1 + -9 - ((-53 - 9) + -3 + 7))
-57
What is 65 - 32 - 53 - (-1 - (-76 + 3))?
-92
-23 + (47 - (1 + -15 + -5))
43
80 - (35 - (-41 + 77 + -29))
52
Evaluate (-91 + (11 - (-16 + 12 - -16)) - -6) + 11.
-75
What is -180 + 187 - (3 + -2 + (-15 - 1 - -8))?
14
Calculate -14 + -10 - -10 - (52 - 141).
75
-13 + (12 - -1 - (-15 - (21 + -45)))
-9
What is the value of 135 - 138 - (2 - (1 - 6)) - -12?
2
What is the value of -8628 + 8697 - (9 - -1)?
59
What is the value of (-4 - -14) + (20 + -33 - -42)?
39
Calculate -76 + (10 - -20 - -17).
-29
What is the value of -1 - (10 + 0) - (-101 - (172 - 274))?
-12
What is the value of (-85 - -27) + 24 + -17?
-51
(-1 - -19) + (68 - (130 + -75))
31
Calculate 54 - (-29 + 15 + 37).
31
Calculate (34 - (10 + 0)) + -63 + 84.
45
What is -11 + -42 + ((14 - (12 - 9)) + -32 - -9)?
-65
What is the value of (-130 - (116 - 181)) + 32?
-33
Evaluate 0 + 3 + -12 + -263 + 239.
-33
What is 67 - (159 - 141 - -57)?
-8
Evaluate -26 - (18 - 51) - (5 - 42).
44
What is the value of 5 + 5 + 0 - 13 - (9 + 41 + 4)?
-57
(7 - (15 + -21) - 8) + 0 + 1 + 42
48
Calculate 0 + -6 - ((1 - 13) + (1333 - 1330)) - 75.
-72
-10 + (-48 - ((4 - -5 - -2) + (-15 - -5)))
-59
Evaluate -26 - ((8 - (-2 - (3 + -6))) + -51 + 51).
-33
What is 23 + 18 - (168 - 99)?
-28
0 + (-3 - (-138 + 144))
-9
What is (74 - -1) + -4580 + 4545?
40
What is the value of -3 + (-7 - -5 - (5 + -8)) + (116 - -1)?
115
Calculate (226 - 230) + (5 - 3 - 12) + 8 - 27.
-33
What is the value of 131 + -303 - -164 - (43 - (-1 + 0))?
-52
Calculate -15 + -1 + (88 + -209 - -209).
72
Evaluate 0 - (22 + -6 + 22 + -43 - 39).
44
What is the value of (22 + (-13 - -13) - 81) + 12?
-47
2766 - 2772 - ((-95 - 1) + -1 - (3 + -1))
93
What is the value of -13 + (-47 - 71 - -90)?
-41
What is the value of -5 - (24 + -34 + 13 + 16)?
-24
What is 7 + (72 - 30) - (22 - -1)?
26
Evaluate 15 - (-14 - (1 - 1)) - (1 + 1).
27
Evaluate (52 - 4) + (9 + -15 + 5 - -12).
59
Evaluate 17 - 17 - (8 - (-78 + 4 - 8)).
-90
-30 - (-54 + -38 + 29)
33
-91 + -38 + 80 - (-1 + -1)
-47
Evaluate (-7 - (20 + 29)) + 65.
9
Evaluate -2 - 16 - -32 - 30 - -3.
-13
What is (-2 + -60 - (-78 - -54)) + 24?
-14
What is the value of 8 + (-29 - (12 - (4 + 12)))?
-17
Evaluate -12 + 180 + -95 - (-3 - 2).
78
What is the value of 6 + 12 + 21 + -41 + -8?
-10
What is -17 + 2 - (-12 - (-127 + 86))?
-44
59 + (49 - (-36 + 16 + 24))
104
Calculate (473 - 491) + (1 - -51).
34
What is the value of -33 + 49 + -19 + -35 - 2?
-40
What is the value of -5 - -6 - -22 - (6 - 20 - -19)?
18
Evaluate (11 - 1) + -60 + (69 - 1).
18
1 + -13 + (-98 + 153 - 5)
38
What is (5 + (8 - 9) - 9) + -32 + (3 - -5)?
-29
What is the value of -4 + 1 + 2 - -5 - 12 - (-1992 - -1915)?
69
Calculate 6 + -3 + 27 + (-632 - -598).
-4
What is the value of -23 + -11 + 34 + -27?
-27
What is (2 - 0 - (-519 - -514)) + (-66 - 1)?
-60
What is the value of (7 - (-507 + 558 - (-16 + 1))) + -24?
-83
81 + 35 + -114 - -6
8
Evaluate 63 + (77 - 66 - (25 + -8)).
57
What is -16 + -7 + 7 + -8 + -36?
-60
(26 - (11 - -24)) + (10 - 16)
-15
Calculate -2 - (-2 - -57) - (457 - 475).
-39
13 + 3 + -9 - (-15 - 2 - -14)
10
(-16 + 15 + 5 - 17) + -11 - (2 + 0)
-26
What is -322 + 341 - (3 + 58 - -2)?
-44
Calculate 31 + -126 + 53 + 64.
22
Evaluate -38 + ((-8 - 5) + 3 - (-24 + (34 - 22))).
-36
Calculate 72 + -110 + -42 - -27.
-53
What is the value of 0 + -1 + -10 + (-20 + 2 - 4)?
-33
Calculate 48 + -17 + -5 - 27.
-1
2 + 12 + 8 + -15 - 12 - -9 - 14
-10
Evaluate 147 - (78 + (26 - (55 - -8))).
106
What is the value of 4955 + -4959 + (-2 - 0 - -3) + 1?
-2
(0 + 0 - (255 + -253)) + -57
-59
What is 60 - 9 - (94 - 29)?
-14
Evaluate (0 - 4 - (2 + -2)) + -31 + 97 + -77.
-15
What is the value of -43 + (2 - -1) + 801 + -708?
53
What is the value of 0 + 0 + -7 - (-26 + 20 + -15 + 4)?
10
Evaluate (1 - 21) + -46 + 44 - (-95 + 103).
-30
Evaluate (-82 - -277 - 145) + 12.
62
What is the value of 5 - (-4 + -6 + 18 - 4 - (50 - 15))?
36
What is (17 - 21) + 52 + (-8 - 2)?
38
(77 - (6 - (4 + -4))) + (0 - -5 - -5)
81
What is the value of -101 - -109 - (-6 + 12 - -87) - -16?
-69
(-15 + -112 - -27) + 45
-55
What is 53 + -31 + 27 + -13 + 1?
37
Evaluate -2 + 3 + -15 + (41 - 26) - 4.
-3
Evaluate -12 + (-3 - -3) + (-49 - -31).
-30
-1288 + 1249 - (-3 + 0 - -8)
-44
What is (-119 - -52) + -47 + (8 - 4) + (0 - 9)?
-119
Evaluate (0 - 101 - (33 + 13 + -25 + -27)) + 7.
-88
What is the value of 3 - ((62 + -35 - 19) + 0 + 34)?
-39
What is the value of 30 + -229 + 130 + (3 - 15)?
-81
Calculate -55 + -65 + -68 + 207.
19
Evaluate (-3 + -2 + -3 - (41 + -20 - 20)) + -53.
-62
What is -39 + 110 + -21 - 11?
39
Evaluate -50 + -5 + 10 - ((-27 - -9) + 11).
-38
What is the value of 249 - 272 - (-6 + 0)?
-17
Calculate -6 - -5 - (-652 - -587).
64
Evaluate (37 - (-18 + -14 + 91)) + -38.
-60
(7 - (-117 - -96)) + -11
17
Calculate (0 - 7) + (2 - (-4 - 9)) - (121 + -131).
18
Evaluate (-998 - -1001) + (2 - 21) + 36.
20
Evaluate (30 + -54 - -5) + 12 + 1 - (121 - 1).
-126
What is the value of (313781 - 313892) + -1 + 10 + (3 - (0 - -2))?
-101
What is the value of -11 - (-4 + 9) - -6 - (-42 + 4)?
28
Evaluate -145 + (46 - (-32 - -37)) + -4.
-108
Calculate -3 + -33 - 1 - (20 + (-87 - -66)).
-36
-94 - -79 - (-3 + -37) - (-18 - 0)
43
What is the value of 1 + 54 + -39 + -88 - -45?
-27
9 - 50 - (-74 - -21)
12
-16 + (-7 + 0 - -1) + 30 - -55
63
What is the value of (3 - 3 - -10) + (-2 - (-20 + 35 + -24))?
17
35 - (-38 + 95) - (-16 - -1)
-7
Calculate -4 + -3 + 8 - (1 - -15 - -23).
-38
Calculate -11 + (-120 - -135 - 62).
-58
(40 + -19 - 22) + (-1 - -17)
15
-54 - (0 - (-48 + 40))
-62
Calculate 62 + 25 + -5 - 114.
-32
Calculate -7 + 107 + -102 + (-43 - 1).
-46
92 + (-2 - -30) + 29 + -69 + 28
108
What is -1202 - -1189 - (2 + 13 - 3 - -4)?
-29
-20 + (-97 - (75 - 107))
-85
What is the value of (-6 + 41 - 24 - -33) + 31?
75
What is -38 - 8 - (-73 + (104 - 102))?
25
Calculate (17599 - 17613) + (2 - ((-1 - -4) + 67)).
-82
What is the value of (-3 + 3 - 48) + 4 - (-8 + 15 + -13)?
-38
(0 - (-3 - -48)) + 6 + 34 + -33 + 11
-27
Evaluate (898 - 920) + -4 + -68 + 4.
-90
Evaluate -112 + (-38 - (-74 + -3)).
-73
Calculate 2 + -6 + 12 + (27 - (19 - 11)).
27
What is (1 - 40) + 451 + -401?
11
Evaluate 52 - (-19 + 16 - 7) - 10 - (1 + 8).
43
Evaluate -33018 + 33032 + -1 + 77.
90
Evaluate 4 + (-7 - (-16 - -51)).
-38
What is the value of (-2 - 24) + (1312 - 1329)?
-43
What is the value of (0 - -1) + 3 + (73 - (97 - -5))?
-25
What is 173 + -209 + (16 - 3 - 30)?
-53
What is the value of -19 + (5 - (-29 + 11)) - 6 - -27?
25
What is (6 + 45 - 15) + 55 + 3?
94
197 - (37 - 11) - 65
106
(7 - 4 - 1 - (9 - 4)) + -10 + -5
-18
Calculate (9 - -23) + -17 + 1 - 15.
1
Evaluate 2 + (0 - -1) + (21 + 11 - 144) + 7.
-102
What is -904 + 773 - (-36 + 6)?
-101
-4 + (38 - ((-19 - -10) + 23)) - -88
108
What is 22 + (31 - (-9 + 17))?
45
Calculate -9 + 4 + -2 + 4 - (-58 + -10) - 8.
57
Calculate -2911 + 2899 - (1 + -4 + 2 + 11 + -106).
84
What is 83 - 5 - 0 - (-33 - (7 + 8 + -38))?
88
Evaluate 12 - (-137 - -104 - -49).
-4
What is the value of -91 + 98 + (1 - -26) + -20?
14
What is the value of -46 + 72 + (83 - -9)?
118
What is the value of (10 - 95) + 92 + -29?
-22
Calculate -12 + (0 - -4) - (75 - (43 - -18)).
-22
What is the value of -4 - (-48 - -8 - (-16 + -4))?
16
18 + (14 - 28) - ((-1 - -4) + 5)
-4
Calculate -7 - (-2 - -1) - ((360 - 276) + (-7 - 4)).
-79
Calculate -23 + 0 + (56 - 7).
26
Evaluate (-69 - -22 - -48) + (2 - 60).
-57
What is the value of -1 + -12 + 3 + 11 + -10 + -3 + 83?
71
What is (35 - 43 - -12) + -22?
-18
9 - (353 + -356 - (10 - -2))
24
Evaluate -49 + 76 + (-1 - -27) + 0 + 4.
57
Evaluate 73 + -126 - 75 - -102.
-26
Calculate -57 + 186 - (3 + 88).
38
What is the value of -44 - (3 + 7 + -16 - ((5 - 5) + -6))?
-44
Evaluate (6 - (11 + 5 + 